is the greatest common factor of 2 and r?
1
Let o = 2 - -9. Let g(z) = 67*z**2 - 1. Let q be g(-1). Calculate the highest common factor of q and o.
11
Suppose -3*k + 230 - 53 = 4*p, 111 = 2*p - 3*k. Let g = p - 34. Calculate the highest common factor of g and 21.
7
Suppose 0*z = -5*z + 85. Let f = 119 + -240. Let a = f - -206. Calculate the greatest common factor of z and a.
17
Let l be 1 - 2 - (-6)/1. Let r be (0 - l)/(0 + 1). Let t be 2/(-10) + (-76)/r. What is the greatest common factor of t and 5?
5
Let f = 304 + -129. Calculate the greatest common divisor of f and 35.
35
Let n be 12/3*(-76)/(-16). Let u = -13 + n. Suppose -2*f + 4*f = 3*q + 12, 0 = 3*f - 2*q - 23. What is the highest common divisor of f and u?
3
Let w = 89 + -69. Calculate the highest common factor of w and 20.
20
Suppose 1040 = 5*a + 4*o - 3*o, -2*a + 4*o + 416 = 0. Calculate the greatest common factor of 26 and a.
26
Suppose 3*u = -5*w + 6, 0 = 4*u + 1 - 9. Let b be (-11)/(-1 - (0 + w)). What is the highest common divisor of 44 and b?
11
Let r be 57*(8/16)/(1/2). Calculate the greatest common divisor of 19 and r.
19
Suppose 3*y = y + 30. Calculate the greatest common factor of y and 75.
15
Let o = 34 - 33. What is the highest common factor of 9 and o?
1
Let p(q) = -3*q + 15. Let g be p(-5). What is the greatest common factor of 45 and g?
15
Let r be 4 + 54 + 2/(-2). Calculate the greatest common divisor of 19 and r.
19
Suppose 5*q + 301 = -0*p + 2*p, 3*p - 5*q - 444 = 0. What is the highest common divisor of p and 13?
13
Let a = 11 - 1. What is the greatest common factor of a and 50?
10
Suppose 4*h = -h + 30. Calculate the greatest common divisor of h and 18.
6
Let l(v) = -v - 1. Let d be l(-5). Let n be d*(0/1 + 2). What is the greatest common divisor of n and 8?
8
Suppose 5*r + 18 = 7*r. Calculate the greatest common divisor of r and 18.
9
Let t = 13 + 13. Calculate the highest common divisor of t and 234.
26
Let m be 3 + (7 - (-2 - -2)). Suppose -6*l + 2 + m = 0. What is the greatest common divisor of 2 and l?
2
Let v = 11 - 7. Suppose -4*q = 3*u - 179, 2*q = 5*q - 2*u - 130. What is the highest common factor of q and v?
4
Let z(u) = -u**2 + 10*u - 6. Let s = -2 + 9. Let d be z(s). Let n(v) = -23*v - 1. Let p be n(-2). Calculate the highest common factor of d and p.
15
Let l(s) = 22*s + 5. Let h be l(2). Calculate the greatest common factor of 7 and h.
7
Suppose -3*p = 5*v + 2*p - 80, -2*v = -2*p - 16. What is the greatest common divisor of 60 and v?
12
Suppose -4*n + 16 = 0, -4*c + 37 + 131 = -n. Let q(d) = d**2 + 9*d + 3. Let g be q(-8). Let z = c - g. Calculate the greatest common factor of 6 and z.
6
Suppose -6*c - 4 + 40 = 0. Calculate the highest common divisor of c and 48.
6
Let k(b) = b + 45. Let p be k(-13). What is the highest common divisor of p and 256?
32
Let y = -75 + 111. Suppose 0*w + 5*w - 20 = 0. Suppose n = -5*x + 9, n + w*x - 10 = 2. Calculate the highest common divisor of y and n.
12
Suppose 8 + 2 = 5*a. Let u = a + 6. Let r be u/(-20) - (-954)/10. What is the highest common divisor of 38 and r?
19
Let c = -66 - -89. What is the highest common factor of 161 and c?
23
Let l(r) = r**3 + 9*r**2 + 4*r - 15. Let u be l(-5). Calculate the greatest common divisor of 5 and u.
5
Let w be ((-10)/15)/((-4)/90). Suppose 3*d + 5*j = 92, 4*d - w - 136 = -j. Let q be 1*(-1 + 0) - -14. Calculate the highest common divisor of q and d.
13
Suppose -y + 4*y - 6 = -3*t, 4*t - 5*y = 8. Suppose -4*l + 543 = -o, l + t*o = 104 + 25. Calculate the highest common divisor of 54 and l.
27
Let i = 47 + -19. Let d be 2*-1 + 1/(-1). Let u be -2 - (-5 + 2 + d). Calculate the highest common divisor of u and i.
4
Suppose i - 43 = -4*u + 46, 3*i + 5*u - 246 = 0. Calculate the greatest common divisor of 11 and i.
11
Suppose -5*v + 0*v = 655. Let c = v + 251. What is the greatest common factor of c and 15?
15
Suppose 4*u - 8*l - 37 = -3*l, 0 = u + 3*l + 12. What is the greatest common divisor of u and 3?
3
Let z(f) = -3*f - 5. Let l be z(-4). Suppose 28 = 6*h - 2*h. What is the highest common divisor of h and l?
7
Suppose 109 = 5*d - 4*s, -6*s + 70 = 2*d - s. What is the highest common factor of 25 and d?
25
Let b = -29 + 59. Suppose 0 = z - 2*m - 13, 4*m = -z + m - 12. Calculate the highest common divisor of b and z.
3
Let q be (0 - 1)*-8 - 4. Suppose -l = x - q*x + 57, -5*l = 0. Calculate the greatest common factor of 133 and x.
19
Suppose 0 = 5*f - 73 + 13. What is the highest common factor of 12 and f?
12
Let z(w) = 30*w**2 + w - 1. Suppose 3*i + q = 5*i + 2, 0 = -i + 3*q - 1. Let h be z(i). Calculate the highest common divisor of h and 140.
28
Suppose 0 = -x - 5*n + 2*n + 20, -2*x - 2*n + 28 = 0. What is the highest common factor of 88 and x?
11
Let g(z) = 13*z**2 + z - 1. Let l(s) = -s**3 + 4*s**2 + s - 3. Let j be l(4). Let n be g(j). Calculate the greatest common factor of 78 and n.
13
Let p(d) = 5*d**2 + d. Let k be p(-1). Suppose 5*j - k*j = 20. What is the greatest common factor of j and 50?
10
Let v = 131 - 86. Suppose -l - 113 = -2*f, -2*l - 69 = -2*f + v. What is the greatest common divisor of 84 and f?
28
Suppose -3*d = 4*t - 38, 4*t - d - 48 = d. Let r be 6/51 - (-15)/17. What is the greatest common factor of r and t?
1
Suppose -13*m = -9*m - 32. What is the highest common factor of 4 and m?
4
Suppose -2*c + 8*l + 49 = 3*l, c = l + 17. Let p = 26 - -22. Calculate the highest common factor of p and c.
12
Let i = 6 - -3. Calculate the greatest common factor of 9 and i.
9
Suppose 2*r = 2*m + 76, r = -r - 3*m + 96. What is the greatest common divisor of 6 and r?
6
Let w(t) = -t**3 + 12*t**2 - 9*t + 11. Suppose 5*c = 2*s + 55, 5*c = 4*s + 10 + 45. Let f be w(c). Calculate the greatest common divisor of 3 and f.
3
Suppose -66 = 20*b - 26*b. Calculate the greatest common divisor of 99 and b.
11
Let r be 2 + (0 - 0) + 3. Let j be (r + 1)*1/(-2). Let l = j - -5. What is the greatest common factor of 10 and l?
2
Suppose 3*q - 46 - 14 = 0. Suppose 4*k - q = -3*n, -3*k = -3*n + 4 - 40. Calculate the greatest common divisor of 8 and k.
8
Let f = 52 - 50. Calculate the highest common factor of 4 and f.
2
Let a(z) = -z + 6. Let h be a(3). Suppose h*x + 20 = 4*x. Calculate the greatest common factor of x and 4.
4
Suppose -2*t + 96 = 3*g - 6*g, -144 = -3*t + g. Let c(d) = 6 - 4 + 31*d**2 - 3 + 2. Let i be c(-1). What is the highest common factor of i and t?
16
Let j = -5 - -2. Let b be (-27)/(-6)*(-1 - j). Calculate the highest common divisor of 99 and b.
9
Let m(y) = -y**3 - 5*y**2 + 5*y + 6. Let s be 6*(1 - (-2)/(-1)). Let l be m(s). Suppose 4*q = -0*q + 120. What is the greatest common divisor of l and q?
6
Let k(p) = 2*p**2 - 5*p + 2. Suppose 2 - 5 = -z. Suppose 0*h + 15 = z*h. Let i be k(h). What is the highest common divisor of i and 18?
9
Let h = 22 - -6. Calculate the greatest common factor of h and 7.
7
Let h be 10 + (-2 - -4)*1. What is the greatest common divisor of 24 and h?
12
Let j be 0 + 3 + 5/5. Suppose j*g - 462 = -42. Calculate the highest common divisor of g and 42.
21
Let s(d) = d**3 - 7*d**2 + d - 4. Let q be s(7). Calculate the highest common divisor of 3 and q.
3
Let a be (-2)/8 + 29/4. Let w(u) = -u**3 + 6*u**2 + 9*u - 8. Let j be w(a). What is the greatest common factor of j and 18?
6
Suppose x = -5*s + 50, -3*x = 3*s - 5*x - 17. Calculate the greatest common divisor of 18 and s.
9
Suppose -8*w + 3*w = 2*p - 47, -w = p - 7. Suppose -w = 2*y - 71. Suppose 3*z - 6 = y. What is the highest common factor of 36 and z?
12
Suppose 10*o - 88 - 92 = 0. Let c(w) = -3*w + 1. Let n be c(-1). Suppose n*z = -z + 45. What is the greatest common divisor of z and o?
9
Suppose 0 = 2*a, -b - 4*a = -a - 14. Calculate the greatest common divisor of b and 2.
2
Let f(w) = w**2 + 5. Let k be f(0). Let q be 181/k + (-1)/5. Calculate the highest common divisor of 12 and q.
12
Suppose -4*r - 2*d = -608, 0 = 2*d + d - 12. What is the greatest common factor of r and 30?
30
Let u = 22 - 7. Let j be 166/10 - 3/5. Suppose -5*o + 134 = -j. Calculate the highest common factor of u and o.
15
Suppose -1 + 4 = a, 0 = 3*z - a - 6. Suppose -4*k + 2*s = -234, 2*k + 0*k - 127 = z*s. What is the greatest common factor of 8 and k?
8
Let l = 0 - -3. Let w be (-2)/5*l*-60. Calculate the greatest com